 y be i(-7). Let m(s) be the first derivative of -3/2*s**2 + 4 + 0*s. Give m(y).
6
Let n be (53 - 3) + -4 + 2. Suppose 2*h - n = -c, -3*c + 5*h - 23 + 211 = 0. Let g = c - 49. Let s(d) = 2*d + 4. Calculate s(g).
18
Let x(r) = 33*r - 12 + 35*r + 4 + 38*r - 111*r. Give x(-3).
7
Suppose 91*u + 344 + 20 = 0. Let x(d) = -d**3 - 3*d**2 - 3*d - 3. Calculate x(u).
25
Let y(s) be the second derivative of s**6/360 - s**5/120 + 3*s**4/8 + 9*s**3/2 + 2*s - 2. Let z(d) be the second derivative of y(d). Give z(0).
9
Let k(f) = 15*f - 147. Let z = -6503 - -6513. Give k(z).
3
Suppose 0 = -4*s + q + 9, 6*q = -s + 4*q. Let v(t) = -99 - 4*t - 100 - t**s + 196. Suppose 2*i = 4*k + 5*i + 25, -12 = 4*i. Give v(k).
-3
Let q = 425 + -262. Let j(w) = -2*w - 161 - w + 333 - q. Calculate j(7).
-12
Let c(f) = f**3 + 8*f**2 + 2*f + 8. Suppose -300 = -5*j - 5*m, -5*j - 2*m + 330 = -7*m. Suppose -j*w + 21*w = 336. What is c(w)?
-8
Let m(x) = -5*x**2 - 2*x - 3. Let u(j) be the second derivative of 2*j**3/3 + 7*j**2 - 2*j. Let f be u(-4). Calculate m(f).
-19
Let c(r) = -59*r + 9 - 8*r + 126*r - 11 - 64*r. Let s(p) = -p**2 - 6*p - 2. Let n be s(-6). Give c(n).
8
Let k(r) = r**3 + 6*r**2 - 14*r + 102. Let b be k(-9). Let v(t) = 5*t - 6. Calculate v(b).
-81
Suppose 4*a = -4*x, 2*a = 3*x + 8 + 12. Let h be 54/15 - x/10. Let s be 10/6*(5 - h)*-3. Let n(j) = j + 5. Determine n(s).
0
Let z(p) be the first derivative of 13*p**2/2 + 9*p - 602. Give z(-1).
-4
Let d = -9 + 12. Let l be d/(-9)*1*-42. Suppose -4*h - h = 3*f + 19, 3*f + 4*h + l = 0. Let y(a) = -a**2 - 2*a. Determine y(f).
-8
Let b(l) = -15 + 85723*l**2 - 28571*l**2 + 0*l - 28575*l**2 - l - 20 - 28576*l**2. Let i be 4/(-14) + 44/7. What is b(i)?
-5
Let p(m) = m**3 + 4*m**2 - 14*m - 33. Let l be p(-2). Let z(o) be the second derivative of -1/20*o**5 - 7*o - 4/3*o**l + 0 - 7/12*o**4 - 3*o**2. Give z(-6).
6
Suppose 2*m + 0*x - 3*x + 21 = 0, -5*m - 3*x = 21. Let h be 18 + (-4)/m*3. Suppose -j + h = 16. Let z(t) = t**3 - 4*t**2 - 2*t - 4. Calculate z(j).
-12
Let i(d) = -d + 48. Let s be 8 + (-172)/24 + (-1 - (-118)/(-12)). Calculate i(s).
58
Let u = 830 - 823. Let j(c) = -5*c**3 - 28*c**2 + 9*c + 5. Let r(m) = -m**3 - 7*m**2 + 2*m + 1. Let o = 35 + -26. Let b(w) = o*r(w) - 2*j(w). Give b(u).
-1
Let u(g) = -g**3 - 8*g**2 - 21*g - 270. Let f be u(-9). Let p(m) = -m**3 + 4*m - 38. Determine p(f).
-38
Let k(y) be the second derivative of y**5/10 + 17*y**4/12 + 2*y**3 + 15*y**2 - 639*y + 2. What is k(-8)?
-2
Let h(d) be the third derivative of d**5/60 - d**4/3 - 4*d**3 + 463*d**2 + 2*d. Calculate h(10).
-4
Suppose 3 - 6 = -3*n. Let b(d) = d + 3*d + n - 3*d. Let j = 4206 + -4201. Calculate b(j).
6
Suppose 34 = -17*l - 51. Let y(j) = -j**2 - 14*j - 20. Let m be y(-12). Let f(c) = 3*c**2 + c**2 - 2 + 5*c**2 + c**3 - 2*c - m*c**2. What is f(l)?
8
Suppose 1152*k = 1142*k - 70. Let s(h) = h**2 - h + 1. Let m = 0 + 1. Let q(j) = -7*j**2 + 2. Let b(g) = m*q(g) + 6*s(g). Give b(k).
1
Let h be (-676)/(-8) + (-12)/8. Let a = h + -2. Let k(p) = -3 - a*p**2 + 42*p**2 - 4*p + 41*p**2. Calculate k(4).
13
Let z be 2 + 4 - (0 - -4). Let r(i) = -2*i**2 - i**2 + 2*i**z + i + 6*i - 2. Determine r(7).
-2
Let p(v) = 2*v**2 - v. Let f(r) = 57*r - 51. Let a be f(5). Let d = a + -233. Determine p(d).
1
Let d(u) be the third derivative of 0*u - 5/6*u**3 - 218*u**2 + 0 - 1/24*u**4. Let i(o) = -2*o + 2. Let m be i(3). Give d(m).
-1
Let n(a) = -7*a**2 + 7*a - 7. Let i(z) = -53*z**2 + 56*z - 56. Let o(k) = 3*i(k) - 23*n(k). Suppose 2*t + 2 = -2*d, -2*d = -0*d - 8. Give o(t).
8
Let u(z) = -48 + 3*z + 43 + 4*z + 10 + 49. Determine u(-11).
-23
Let a(s) be the second derivative of s**5/20 + 2*s**4/3 + s**3 - 2*s**2 + 102*s. Suppose 14 = -4*q + h - 17, -4*q - 4*h = 16. Calculate a(q).
3
Suppose 0 = 7*x - 3*x - 20. Suppose v = x*g - 5, -v = -5*v - 4*g + 28. Let t(z) = -z + 1. Let l(a) = -2*a + 2. Let b(h) = -2*l(h) + 5*t(h). Give b(v).
-4
Let g(v) be the second derivative of -v**3/6 + 8*v**2 - 2889*v. Give g(7).
9
Let x = -139 + 123. Let y be (x/12)/(6/(-9)) + -7. Let z(f) = 5*f + 5 - 2 - 2*f. Calculate z(y).
-12
Let y(m) = -m**3 + 9*m**2 - 9*m + 10. Let x = 53 + -56. Let h be (-2 - x) + 2 - 1 - -1. Suppose -h*n + 2 = -22. Give y(n).
2
Suppose -4*d = 5*h - 242, -3*d - 126 = -5*d - 5*h. Suppose 15*a - 14*a - d = 0. Suppose a = 2*m + 42. Let j(t) = t - 1. Determine j(m).
7
Let o(p) = -7*p - 35. Let j(i) = -15*i - 69. Let m(h) = 6*j(h) - 13*o(h). Give m(-28).
13
Let c(p) = -3*p**2 + 20*p + 26. Let b = 16151 + -16143. Give c(b).
-6
Let r(d) = -d**3 + d**2 - d + 9. Suppose 5*n - 3*w - 212 = -w, 0 = 3*n + 4*w - 122. Let t = -40 + n. Let j be (t - 2)*2/(-4). What is r(j)?
9
Let f(y) = 27*y + 6. Let q(b) = -22*b - 3. Let a(v) = -5*f(v) - 6*q(v). What is a(-3)?
-3
Let k(r) = -3*r + r + r + 88 - 79. Suppose -3*z - 3*x + 102 = 0, 3*x + 41 + 42 = 2*z. Let l = -27 + z. Determine k(l).
-1
Let s be 0/((2 - 1)*2). Let u(v) = 2*v + 7*v - 21*v - 4 + 6*v + 5*v. What is u(s)?
-4
Let c = 211 - 187. Suppose -75*x + 495 = c*x. Let y(z) be the second derivative of z**4/12 - z**3/2 - 3*z**2/2 - z. Calculate y(x).
7
Let s(l) = 17*l**2 - 69*l + 27. Let t be s(4). Let a(f) be the second derivative of 1/3*f**3 + 0*f**2 + t*f + 0. Determine a(-6).
-12
Let c = -17 - -11. Let w be (854/(-21))/(4/c). Let j = w + -63. Let p(v) = -2*v**2 - 2. Calculate p(j).
-10
Let h be 11/(-3) - (-4)/6. Let q(p) be the second derivative of p**3/6 - p**2/2 - 9558*p. Calculate q(h).
-4
Suppose -3 = -5*r + 3*h, -r - 2*h = r - 14. Suppose 8*d = r*d + 10. Let s be 10*(0 - d/(-5)). Let f(z) = z**2 - 5*z + 5. Give f(s).
1
Let o(k) = -3*k**3 - k + 6 + 3*k**2 - 7 + 2*k**3. Suppose -4 = 3*r - 5*b, 2*b + 1 = 3*r - 1. Give o(r).
1
Let o(k) = k + 8. Let n be o(-6). Let i(x) = -1 + 0*x + n - 3*x. Let p = -6139 - -6141. Give i(p).
-5
Let y(w) = 5*w**3 + 9*w**3 - 29 - 15*w - 21*w**3 + 6*w**3 - 13*w**2. Let o be y(-12). Let j(s) = s + 8. What is j(o)?
15
Let k(f) = f - 11. Let q(a) = a**2 - a + 1. Let y(n) = n**2 + n - 2. Let i(x) = 2*q(x) + y(x). Let j be i(7). Suppose -136*h = -j*h + 28. Give k(h).
-4
Let a(o) = -4*o**2 - 3*o**2 - 5*o**2 + 9 + 10*o**2 - 9*o + 3*o**2. Give a(4).
-11
Let c(t) = -t**2 + 2*t - 2. Let y(l) = 2*l - 12. Let o be y(6). Suppose -3*q + 3*z = -4*q, o = 5*q + 2*z. Suppose -4*r + 4 = w - 9, q = -r - w + 4. Give c(r).
-5
Let t(v) be the second derivative of v - 1/10*v**5 - 1/2*v**3 - 5/12*v**4 - 6 - v**2. Give t(-3).
16
Let y(j) be the first derivative of 2*j**2 + 7*j + 348. Give y(-1).
3
Let k(p) = -7*p + 9*p - 5*p + 4*p - 11. Let w = 8 + 3. Determine k(w).
0
Let v(p) = p - 5. Let b be v(4). Let a(w) = 12*w + 1620 + 30*w**2 - 1621 - 21*w + 9*w. What is a(b)?
29
Suppose -10*k = -86 - 284. Suppose -35*l = -k*l. Let q(b) = b**2 - b + 1. What is q(l)?
1
Let b(k) = -9*k + 371 - 220 - 209 + 12*k. What is b(12)?
-22
Let a(f) be the first derivative of f**3/3 - 3*f**2 - 10*f - 17. Suppose -6 = 3*q - 30. What is a(q)?
6
Let q = 1644 - 1638. Let n(u) = -3*u**2 + 9*u - 21. Give n(q).
-75
Let x be 11 + ((-35)/(-10) - 12). Let z(k) be the first derivative of 4*k - 1/4*k**4 - 4/3*k**3 + 6 + x*k**2. Calculate z(-5).
4
Let i(d) = d**3 + 6*d**2 + 3*d - 6. Let t = -27 - -19. Let c(g) = g**2 + 9*g + 3. Let l be c(t). Let b be i(l). Let n(j) = -j**3 + 4*j**2 + 2*j. Calculate n(b).
8
Let u(v) = -776*v - 783. Let a(w) = -614*w - 781. Let t(n) = -5*a(n) + 4*u(n). Give t(23).
-9
Let p(j) = -376*j + 378. Let a be p(1). Let y(b) = -9*b**2 + b. Calculate y(a).
-34
Suppose 2 = 3*v - 25. Let k be (28/10)/(16/40). Let r(h) = 8*h**2 + 7*h + k*h - 4*h - 12 + 7*h**3 - 8*h**3. What is r(v)?
-3
Let d(g) = -6*g + 26. Let n be ((-8)/(-7))/((-180)/1260). What is d(n)?
74
Let s(y) = 40 + 13 + 12*y + 10 - 15 + 45. Give s(-8).
-3
Let w(c) be the second derivative of 1/6*c**3 - 232*c + 1/12*c**4 + 0 - 2*c**2. Calculate w(-3).
2
Let l(p) = -32*p - 290. Let a be l(-10). Let n(r) = -105*r + a*r + 57*r. What is n(3)?
-54
Let c be (18/8)/((-48)/128). Let o(i) = i. Let t(p) be the third derivative of -p**5/60 - p**4/4 + p**3/3 + 5*p**2. Let x(a) = c*o(a) - t(a). Calculate x(4).
14
Suppose 3*f + 15 = 3*m, 12*m - 12*f - 74 = 7*m. Let c(q) = 74*q + 154. Calculate c(m).
6
Suppose 3*o = o + 10. Let d(s) = s + 14*s - s + 1 - o*s. Suppose -703 = 25*c - 753. Giv